hat is (5 + 59 - 3) + -84?
-23
Evaluate -37 + 85 + -91 - (1 + -1 - 0 - 1).
-42
-1 + 82 - (-180 + 142 + 43)
76
What is the value of (15 - (17 + (-28 - -26))) + 8?
8
Calculate -60 - (-60 + 28 + -6).
-22
What is -7 - (5 + -66 - (41 + -53))?
42
(277 - 341) + (21 - -37)
-6
What is 2 + -14 + (13 - (-20 - -23) - -60)?
58
Calculate -29 + 34 + (-37 - 6).
-38
Evaluate 7 - 1 - (30 + 16 + -31 - 10) - 63.
-62
11 - 2 - (-18 + 5 + -2 + -57 + 44)
37
-74 + 33 + 19 + -28
-50
Evaluate (49 + -59 - (2 + -29)) + 16 - 4.
29
What is (-50 - -32) + -38 + 117?
61
What is 66 + (-27 - (46 - 36))?
29
(-1 - (-11 + 26 - 19) - 0) + (3 - 1)
5
Evaluate 1 + 0 - (35 + -2 + -32) - (0 - 14).
14
Evaluate 89 - (65 + 64 - 88).
48
What is the value of (58 - (44 - -68)) + 50?
-4
Evaluate -19 - (-23 + -21 + 41 + 8 + -8).
-16
What is the value of 0 - (299 + -388 + (20 - (-4 - -8)))?
73
-5 + 3 + -1 + -56 + (80 - 23)
-2
Calculate (1 - 3 - (62 + 4)) + (-137 - (-9 + -120)).
-76
Calculate -3 - ((5 - 18) + -16 - -12).
14
What is -235 + 196 - (-72 + -13)?
46
12 - (24 - (-1 + 17 - 0)) - (-1 + -1)
6
What is the value of -29 - -12 - (-145 + 172)?
-44
(-34 - (-60 + -16)) + -34 + 3
11
Calculate 23 + 1 - (-24 - ((-10 - -8) + -9)).
37
Evaluate (22 - -6) + -21 + -4 + 6 + -39.
-30
What is the value of 31 + 9 + (13 - 32) + 3?
24
Calculate 10 + -14 + 6 - (3 - 22) - 114.
-93
What is the value of 1 + -23 + 3 + -25 + (-29 - -55)?
-18
Calculate 13 + -98 + (2 - (-2 + -12 + 18 + -10)).
-77
Calculate (-5 - ((-3 - 9) + -7 + (6 - 8))) + 4.
20
Evaluate -161 + 189 + -81 + -72.
-125
Calculate 4 + (-16 - 6) - (35 - (11 - -140)).
98
What is -39 + 29 + -23 + 4?
-29
Evaluate 47 + -11 + -19 - (-23 + 10).
30
(96 + -27 - (49 - 24)) + -29
15
Evaluate -15 + 30 + -16 - (-5 - (11 - -5)).
20
Calculate 18 + -19 + -25 + (4 - (5 - (5 - 7))).
-29
Evaluate -31 + (303 - 306) + (0 - -4).
-30
What is 123 + -128 + -154 - -69?
-90
What is the value of -2 - 14 - ((-35 - 140) + 37) - 3?
119
What is the value of 16 - 18 - (9 - -5) - 10?
-26
-2 - ((-8 + 2 - -2) + -93 + 53)
42
Calculate 18 + -14 + -11 - 92 - (-9 - (0 - 4)).
-94
What is -24 + (77 - (48 + -13 + -21))?
39
Calculate (5 - 4) + 4 - (-147 + 170).
-18
67 + 21 - 39 - (0 + -16)
65
Evaluate -9 - ((-4 - -8) + 16 + -18).
-11
Calculate 12 + -1 + (3 - -40).
54
-7 - (5 + -21 - (-8 - -7)) - 52
-44
What is -36 + 44 - (-4 - (-1 - 5 - -6))?
12
What is 12 + -18 - (-12 - (-8 + 4) - (-7 + 83))?
78
Evaluate 1 + -171 - (-9027 - -8949).
-92
What is the value of 52 + 1 + (-51 - (-93 - -48))?
47
What is the value of (-6 - (0 - -3) - (1 + -19)) + 138 + -148?
-1
Calculate -55 - (-71 - (-96 + -8)).
-88
What is the value of -13 + 0 + (14 + -19 - -9 - -30)?
21
What is the value of (56 - (-7 - -19)) + -45 - (-54 + 0)?
53
What is (-3 - (1 - 0)) + (62 + -82 - (3 + -24))?
-3
123 - (142 + -266 + 170)
77
What is -121 - (-67 - 31 - -21)?
-44
Evaluate -142 + 152 - (-1 - -4 - (-154 + 107)).
-40
8 - -19 - -10 - 34 - -5
8
What is the value of (19 - 8) + -5 - 3 - (8 - 22)?
17
3 + 24 + -16 + -32 - 17
-38
Evaluate (-48 + 76 - -20) + -37.
11
Evaluate -11 + -55 + (73 - 35).
-28
What is -9 - (-22 + (-11 - -68) + -12)?
-32
Evaluate 3 + -20 + 160 + -147 - (-62 - -4).
54
Evaluate 31 + -130 + 23 + 1 + -4 - (-12 - -1).
-68
-13 + (-23 - (-42 + 23) - -100)
83
What is 62 - (-6 + -11 + 15 + 23 + -11)?
52
What is (-42 - 65) + 150 - -14?
57
7 + (18 - 9) - (9 + 124) - (0 + -8)
-109
What is 117 + (-68 - (15 + -7 + -47))?
88
Calculate -10 + -49 - (-13 + (28 - (-1 - (5 - 14)))).
-66
What is -23 + (4 - (-7 - 153)) - (6 + (2 - -1))?
132
What is (16 - (-19 + 24)) + -7 + -6 + -5?
-7
Calculate (-7 - (13 + 2 + (-14 - -12) + -8)) + 10.
-2
Evaluate (-4 - 43 - 2) + 21.
-28
Calculate 10 - (-18 + 9 + -3 + 28) - -6.
0
30 + (-166 - -153) + -58
-41
Calculate -243 + 31 - -93 - -20.
-99
What is (11 - (135 - 132)) + -1 + (0 + 3 - -111)?
121
Calculate -1 + 108 - (8 - 13 - (3 - 14)).
101
Evaluate -24 + 14 + 16 - (7 - (7 + -1)).
5
Evaluate -28 + (25 - 60) + 10.
-53
Calculate 65 + (-12 - -3) + (1 - -3 - (43 + -44)).
61
2702 + -2774 - (-17 + -1)
-54
What is the value of -13 + (15 + (7 - 36) - ((5 - 2) + -10))?
-20
Calculate -1 - -21 - (-88 - -48 - (-18 - 130)).
-88
(35 - 25) + 16 + ((-3 - -5) + -2 - 13)
13
Evaluate 1 + -5 + -13 - (-88 - (110 + -69)).
112
43 + (4 - (157 + 26)) + 23
-113
What is the value of 4 - (-5 - (-45 + 6) - 7)?
-23
Evaluate 49 - (36 - 154 - -227).
-60
-12 + -29 + 6 + (-107 - -82)
-60
0 - ((5 - -8 - 28) + 4 - 29)
40
What is -38 + -76 - -109 - (5 + (-3 - -1) - -1)?
-9
Evaluate 112 + 8 + (-16 - -21) + -3 + -6 + -12.
104
Evaluate -87 - -60 - (-8 + 5).
-24
What is 2 + (-25 + 54 + -54 - (0 - 1 - 1))?
-21
Calculate (-29 - (-5 - 27) - 48) + (-2 - -7).
-40
What is (-71 - -227) + -40 - 118?
-2
Calculate (22 - 137) + 7 - -121.
13
Calculate 13 + (-1 - ((44 + -7 - 21) + 22)).
-26
Evaluate 31 + (-119 - -81) - -114.
107
Evaluate 2 + -10 + (-20 - -14) + -22 - (3 + 2).
-41
Evaluate 16 + 35 + -14 - 15.
22
Calculate -1 + -77 + 3 - (-6 - ((28 - 55) + 13)).
-83
48 - (34 + -54 + 50)
18
What is the value of -118 + 166 - (-39 + 59)?
28
Evaluate 52 - (-48 + (62 - 30) + 55).
13
What is the value of 7 + -35 + (-26 + 28 - -13)?
-13
-15 + (-10 - (-4 + -9)) + (-23 - (-4 - -4))
-35
(1 + -15 + 2 - -10 - -7) + 89 + 9
103
What is the value of -6 + 11 + (1 - 66) + 18 + -22 + 16?
-48
What is the value of -11 + 1 + (-136 + 90 - -81)?
25
(10 + -4 - -13) + -5 + (-1 + -2 - 3)
8
81 - (-80 + 78 + 41)
42
What is the value of 67 + (-41 - (109 + -76))?
-7
What is the value of 2 + 19 + (-12 - (-1 - 19)) - 15 - 104?
-90
What is the value of (-40 - (2 - -12 - 8)) + (14 - 2) + -24?
-58
Evaluate -1 + (17 - 2 - 6) - (-2 + -38).
48
32 + (-197 - -81) + 118
34
What is -158 + (79 - -67) + (54 - 1)?
41
What is 1281 + -1269 + (5 - 40)?
-23
-49 - (39 - (-6 + 7)) - (5 - 1)
-91
Evaluate (-15 + 23 - -37) + -25 - 33.
-13
What is the value of -6 - (2 + -32) - (35 + -41)?
30
Evaluate 88 + -202 + -7 + 33.
-88
What is -1637 + 1685 - (37 - -3)?
8
Calculate -25 + -35 - -15 - -20 - -24.
-1
What is the value of 2 + -22 - (1985 - 2015)?
10
Evaluate 1 + -24 - (266 - 316).
27
What is the value of 98 - (71 - 16) - (-2 + -10)?
55
Evaluate 46 + -3 + (10 + -27 - -3 - -16 - 13).
32
What is the value of (2 - (6 - -110)) + 9 - (250 + -252)?
-103
What is the value of 63 + (-17 - 41) + 23 + -2 + (9 - -1)?
36
-30 + (-6 + 29 + 7 - 2)
-2
Calculate (-273 - -208) + (112 - -5).
52
Evaluate -7 - 49 - -62 - -38.
44
Evaluate -4 + 0 + 40 + 34 + -44 + 19.
45
14 + -14 + (8 - (16 - -6) - 11)
-25
What is 14 + 11 + (-69 - -14) - (-4 + 5)?
-31
Calculate -1 + 31 + (106 + -118 - (-14 + 4)).
28
Evaluate -7 + 17 + -22 + 20 + (27 - 0).
35
Evaluate -60 + (9 - 3 - (-117 + 110)).
-47
What is -12 + 35 + 5 + -8 + 7 + -19 + -105?
-97
Calculate (-25 + 53 - (-13 - -15)) + -56.
-30
What is -37 + (-17 - 17) + 24?
-47
What is the value of -4 + 35 + 0 + 377 + -394?
14
Calculate (37 - (-2 - -3)) + -12 + 21 + -29 + 13.
29
What is the value of -105 - (-207 + -70 + 97)?
75
What is the value of 32 - (-88 - (-25 + -55))?
40
Evaluate (316 - 319) + (-16 - (-1 + 6)).
-24
Evaluate 7 + -4 + 113 - (2 - (-35 + 23)).
102
What is the value of (1 - 1) + -1 - -1 - (-188 + (-72 - -161))?
99
Evaluate (2 - -8) + (-46 + -4 + 4 - (-83 - -77)).
-30
Calculate -2 + -1 + 0 + 9 - (226 + -191).
-29
What is -26 + 14 + -48 - -23 - -14?
-23
Evaluate 12 + (24 - (18 + -2 - -14)).
6
(-10 - ((-19 - -7) + 9)) + (3 - -3 - 62)
-63
What is 36 - (12 + (-21 - (-9 - 105)))?
-69
What is the value of (-43 - (-20 - 102)) + -1 + 2 + (-3 - 8)?
69
What is the value of 7 + -182 + 173 + (-11 - (-2 + 2))?
-13
Evaluate (-2 - -17 - (9 + -3)) + 54 + -69.
-6
What is the value of 188 + -152 - (20 - -14)?
2
-43 + (60 - 42) + 65
40
What is 6 + (10 - (8 + 1) - (-9 - (-5 + 6)))?
17
Calculate (8 - 15) + 130 + (-10 - -26 - 1).
138
Calculate 112 + 68 + -120 - 100.
-40
What is the value of 186 + -211 + -6 + -86?
-117
Evaluate (2 - 53) + (1 - -1) - (-8 + -2 + 1).
-40
Evaluate 56 + 1 - (3334 - 3247).
-30
What is 0 + -8 - (-11 + 16) - -5 - (-111 - -97)?
6
Calculate 28 + (27 - (90 + (-45 - -18))).
-8
What is the value of 22 + -9 - (14 + -22 - (5 + 2 + -21))?
7
(0 + -2 + -7 - (7 - 4)) + (3 - 13)
-22
Calculate (-67 - -1 - -11) + 47 - ((-48 - 1) + 1).
40
What is the value of 12 + 0 + -19 + (1 - 1) + 10 - -39?
42
265 + -